culate a(-8).
-86
Let i(c) = c**3 + 11*c**2 + 13*c + 40. Give i(-10).
10
Let m(g) = -g + 14. What is m(4)?
10
Let u(n) = n**2 + 12*n + 26. Calculate u(-7).
-9
Let p(n) = -n**3 - 2*n**2 + 9*n + 8. Give p(-3).
-10
Let u(h) = h**2 - 4*h - 35. Calculate u(8).
-3
Let v(d) = d**2 - 24*d + 87. Give v(5).
-8
Let o(y) = -40*y - 2. What is o(1)?
-42
Let y(x) = -x**3 - 10*x**2 + 12*x + 21. What is y(-11)?
10
Let b(p) = 4*p. What is b(-2)?
-8
Let s(o) = o**2 - 6*o + 9. Determine s(3).
0
Let j(r) = -31*r + 2. Give j(-1).
33
Let j(q) = -2*q**2 + 48*q - 84. Determine j(22).
4
Let g(b) = -3*b + 42. What is g(9)?
15
Let l(g) = g**2 - 11*g + 24. Determine l(4).
-4
Let f(r) = -13*r + 33. What is f(-10)?
163
Let q(w) = -2*w. Give q(0).
0
Let z(f) = 2*f**2 - f - 1. Determine z(2).
5
Let j(o) = -6*o + 6. Determine j(1).
0
Let m(a) = -16*a**2 + a + 3. What is m(-1)?
-14
Let c(a) = -a - 21. Give c(-7).
-14
Let b(p) = -p**3 - 10*p**2 + 11*p - 17. Calculate b(-11).
-17
Let m(v) = -v**3 - 10*v**2 - 21*v + 7. What is m(-7)?
7
Let i(u) = -u**3 - 5*u**2 + 2*u + 5. Calculate i(-4).
-19
Let t(p) = -p**2 - 29*p - 144. Calculate t(-8).
24
Let k(b) = b**2 - 9*b - 24. Determine k(18).
138
Let g(a) = a**3 - 16*a**2 + 16*a - 3. What is g(15)?
12
Let d(l) = -14*l - 446. Give d(-32).
2
Let y(j) = j**2 - 6*j + 17. Determine y(5).
12
Let p(t) = -25*t + 13. Give p(4).
-87
Let c(i) = i**2 - 14*i + 18. Determine c(13).
5
Let z(r) = 3*r + 10. What is z(2)?
16
Let i(d) = -d**3 + 4*d**2 + 8*d - 18. Give i(5).
-3
Let g(a) = -26*a**3 - a**2 + 2*a + 1. What is g(-1)?
24
Let o(m) = -m**3 - 7*m**2 + 9*m + 11. Calculate o(-8).
3
Let m(v) = 35*v - 423. Calculate m(12).
-3
Let j(w) = w**3 + 42*w**2 + 40*w - 42. What is j(-41)?
-1
Let w(h) = -2*h**2 + 9*h + 16. Calculate w(9).
-65
Let u(q) = -4*q**2 - 65*q - 25. Determine u(-16).
-9
Let a(v) = -2*v**2 - 18*v - 2. Calculate a(-10).
-22
Let j(i) = i + 5. Determine j(0).
5
Let r(p) = -p**2 + 4*p + 2. Determine r(4).
2
Let r(i) = 4*i - 2. Calculate r(-5).
-22
Let g(y) = y**2 + 9*y + 13. Give g(-8).
5
Let r(n) = -5*n - 57. Calculate r(-8).
-17
Let f(y) = 14*y + 27. Give f(-11).
-127
Let u(p) = 188*p - 1124. Calculate u(6).
4
Let b(f) = -f**2 + 9*f - 9. Calculate b(8).
-1
Let s(v) = -9*v**2 + v - 2. Give s(2).
-36
Let v(f) = 3*f**2 + 94*f + 24. Give v(-31).
-7
Let f(n) = -3*n**2 + 23*n - 5. Give f(9).
-41
Let i(c) = -12*c - 104. Determine i(-9).
4
Let c(r) = -r**3 + 3*r**2 - r. Give c(2).
2
Let u(z) = z**3 - 2*z**2 - z + 4. What is u(2)?
2
Let t(r) = -8*r + 12. Determine t(-2).
28
Let g(s) = s**3 + 24*s**2 + 37*s + 313. Calculate g(-23).
-9
Let a(o) = 2*o + 30. Give a(-11).
8
Let x(n) = 3*n**2 - 12*n + 3. Calculate x(2).
-9
Let p(l) = -l**3 + l**2 + l + 2. Give p(0).
2
Let u(h) = 3*h + 45. What is u(-11)?
12
Let t(b) = -b**3 + 3*b**2 + 8*b - 7. Calculate t(5).
-17
Let j(g) = 3*g + 5. Determine j(5).
20
Let v(f) = 2*f**3 + 3*f**2 - 3*f - 2. Calculate v(-3).
-20
Let p(b) = 11*b - 44. Calculate p(5).
11
Let a(s) = 5*s**2 - 20*s + 20. What is a(3)?
5
Let o(x) = -x**2 - 4*x - 1. What is o(-3)?
2
Let p(a) = a**3 + 3*a**2 - 6*a + 9. Calculate p(-4).
17
Let p(q) = -q**3 - 13*q**2 + 140*q + 4. Give p(-20).
4
Let u(b) = -12*b + 13. Calculate u(-7).
97
Let k(m) = m**2 - m + 2. Calculate k(-3).
14
Let c(y) = -4*y - 1. Determine c(4).
-17
Let q(t) = t**2 + 9*t - 11. What is q(-6)?
-29
Let c(r) = r**2 + 13*r + 7. Calculate c(-10).
-23
Let o(u) = -2*u**3 + 2*u + 3. What is o(0)?
3
Let s(k) = 4*k**3 - 50*k**2 - 28*k + 5. Determine s(13).
-21
Let b(k) = -69*k + 23. Determine b(2).
-115
Let b(t) = -324*t + 648. Determine b(2).
0
Let h(f) = -f**3 + 2*f**2 - 1. Give h(2).
-1
Let y(m) = -m**3 - 23*m**2 - 52*m - 213. Calculate y(-21).
-3
Let g(i) = 21*i + 20. What is g(-5)?
-85
Let j(b) = 23*b - 16. Give j(5).
99
Let s(x) = -x**2 + x - 1. What is s(6)?
-31
Let v(s) = s**3 - s**2 + 3*s + 1. Calculate v(-3).
-44
Let n(m) = m**2 - 4*m + 1. Give n(6).
13
Let a(l) = -l - 3. Determine a(2).
-5
Let y(v) = -42*v - 300. Give y(-7).
-6
Let z(u) = u**3 + 15*u**2 + 17*u + 35. What is z(-14)?
-7
Let y(t) = -t**2 - 2. Calculate y(-2).
-6
Let f(m) = -3*m - 12. What is f(8)?
-36
Let g(k) = -4*k**2 + 5*k - 4. What is g(5)?
-79
Let q(r) = 27*r + 9. What is q(-4)?
-99
Let h(i) = -i**3 - 6*i**2 + 7*i + 1. Give h(-7).
1
Let y(i) = -6*i**2 + 5*i - 21. Give y(5).
-146
Let k(d) = d**2 + 6*d - 3. What is k(-8)?
13
Let k(b) = b**3 + 7*b**2 + 3*b - 13. Determine k(-6).
5
Let o(l) = -l**3 - 9*l**2 - 4*l + 31. What is o(-8)?
-1
Let s(p) = -2*p - 17. What is s(-16)?
15
Let q(w) = 3*w - 68. Calculate q(16).
-20
Let r(z) = z + 5. What is r(-2)?
3
Let x(n) = -n**3 - 4*n**2 + 4*n + 12. Determine x(-3).
-9
Let c(v) = v**3 - 11*v**2 + 9*v + 14. Give c(10).
4
Let s(p) = -3*p - 8. Determine s(-7).
13
Let r(a) = a**2 + 4*a - 7. What is r(-5)?
-2
Let i(p) = 3*p - 49. Calculate i(15).
-4
Let o(s) = 9*s + 21. Determine o(0).
21
Let t(d) = d**2 + 4*d - 7. Calculate t(0).
-7
Let p(v) = -v**2 - 30*v - 28. Determine p(-29).
1
Let d(b) = 17*b - 82. What is d(5)?
3
Let v(k) = -3*k + 20. Calculate v(12).
-16
Let r(o) = 8*o - 55. Calculate r(8).
9
Let b(t) = t**3 + 13*t**2 + 10*t - 7. Calculate b(-12).
17
Let z(n) = 7*n + 42. What is z(-5)?
7
Let k(v) = -19*v + 2. Calculate k(-1).
21
Let b(x) = 3*x + 6. Give b(10).
36
Let o(i) = -i**2 + 4*i + 1. Determine o(4).
1
Let z(f) = -6*f + 16. Give z(3).
-2
Let w(n) = n**2 + 5*n - 3. Give w(-3).
-9
Let h(y) = y**2 + 8*y - 5. Calculate h(-7).
-12
Let x(w) = -w**3 + 13*w**2 - 19*w + 18. Give x(12).
-66
Let b(h) = -2*h**3 + 2*h + 3. What is b(3)?
-45
Let d(t) = -3*t + 35. Calculate d(10).
5
Let i(u) = 2*u**2 + u + 5. Calculate i(3).
26
Let u(t) = -13*t + 1. Determine u(-4).
53
Let k(t) = -10*t - 4. What is k(-1)?
6
Let m(c) = -2*c**2 - 7*c + 3. Determine m(-7).
-46
Let b(v) = -v**2 + v + 33. Calculate b(15).
-177
Let m(k) = -5*k**2 + 12*k + 8. Calculate m(4).
-24
Let p(g) = g - 37. Determine p(7).
-30
Let b(z) = -8*z + 128. Determine b(6).
80
Let c(l) = -17*l - 124. What is c(-9)?
29
Let b(y) = y**3 - 6*y**2 + 5*y - 2. Give b(4).
-14
Let j(s) = -s**3 - 13*s**2 - 34*s + 20. Give j(-9).
2
Let t(l) = l**3 - 2*l**2 - 2*l - 3. What is t(-2)?
-15
Let f(q) = q**2 + 21*q + 96. Determine f(-14).
-2
Let z(b) = 2*b**2 - 13*b + 2. Determine z(7).
9
Let v(a) = -a**3 + 14*a**2 - 18*a + 17. Calculate v(13).
-48
Let d(r) = -r**3 + 7*r**2 + 10*r + 1. What is d(5)?
101
Let v(t) = -t**3 + 10*t**2 + 2*t - 8. Give v(10).
12
Let l(o) = -o**3 + 20*o**2 + 42*o + 25. Calculate l(22).
-19
Let x(c) = -c**3 + 3*c - 13. Calculate x(3).
-31
Let f(u) = u**3 - 14*u**2 - 9*u - 35. Determine f(14).
-161
Let w(q) = -5*q + 2. Calculate w(0).
2
Let g(r) = -r**2 - 16*r + 26. Calculate g(-19).
-31
Let a(m) = 13*m**2 + 5*m - 4. Calculate a(-2).
38
Let k(g) = 6*g - 13. Give k(-6).
-49
Let t(o) = 3*o**2 + 3*o + 2. Give t(3).
38
Let f(p) = -p**3 - 7*p**2 - 7*p - 4. Calculate f(-6).
2
Let a(y) = -2*y - 36. What is a(-11)?
-14
Let l(x) = x**3 + 14*x**2 + x + 2. Calculate l(-14).
-12
Let t(f) = 234*f**2 - 1. Determine t(1).
233
Let z(n) = n**3 - 5*n**2 - 9. Give z(5).
-9
Let w(r) = -r**2 + 23*r + 16. What is w(24)?
-8
Let p(u) = -7*u**3 - u**2 + 2*u. Give p(1).
-6
Let f(p) = 2*p - 7. Determine f(6).
5
Let l(q) = -36*q + 69. Calculate l(2).
-3
Let y(g) = -3*g + 18. Give y(13).
-21
Let i(o) = -o**2 - 3*o - 8. Determine i(0).
-8
Let j(l) = l**3 - 4*l**2 + 5*l - 9. Determine j(3).
-3
Let p(f) = f**3 - 6*f**2 - 39*f + 230. Calculate p(7).
6
Let g(x) = -2*x**3 - 3*x**2 + 3*x. Determine g(-2).
-2
Let i(g) = g**2 - 3*g - 5. What is i(-2)?
5
Let g(x) = 2*x**2 + 21*x + 14. Determine g(-9).
-13
Let k(m) = 2*m**3 - 32*m**2 + 31*m - 13. Determine k(15).
2
Let g(t) = -t**3 - 16*t**2 - 12*t + 15. What is g(-15)?
-30
Let j(t) = 3*t - 23. Calculate j(7).
-2
Let u(h) = h**2 + 3*h - 5. What is u(-4)?
-1
Let w(k) = -k - 29. What is w(-2)?
-27
Let t(p) = -15*p - 2. Determine t(1).
-17
Let b(p) = -20*p + 1. What is b(-2)?
41
Let y(k) = -k + 8. What is y(-5)?
13
Let g(y) = -y - 16. What is g(-13)?
-3
Let y(n) = -2*n + 84. Give y(28).
28
Let u(v) = v**2 - v + 1. What is u(4)?
13
Let s(z) = 8*z - 11. Give s(2).
5
Let l(d) = d**3 + d**2 + d + 48. What is l(0)?
48
Let r(d) = d**3 - 4*d**2 + 2*d + 3. What is r(4)?
11
Let m(r) = 5*r + 32. Give m(-8).
-8
Le